remainder when j is divided by 15?
7
Let m = -1 + -1. Let p(h) = 29*h + 2 - 1 + 3 - 66*h + 28*h. What is the remainder when 87 is divided by p(m)?
21
Let c = 22 - 31. Let d be ((-322)/(-7))/((-2)/c). Suppose -5*x + d + 163 = 0. What is the remainder when x is divided by 15?
14
Let u(y) = -19*y - 68. Let v(s) = -3*s**2 - 51*s - 5. Let q be v(-17). What is the remainder when 402 is divided by u(q)?
24
What is the remainder when 3611 is divided by ((-136)/(-34))/((-3)/(645/(-10)))?
85
Suppose 125*a - 11465 = 44660. Calculate the remainder when a is divided by 108.
17
Suppose -323*m + 324*m = 0, 5*c = 3*m + 35. What is the remainder when 48 is divided by c?
6
Suppose -5*d = -4*o + 10, o - 3*d - 1 = -d. Let h(f) = f**3 + 2*f**2 - 17*f - 42. Let m be h(-4). Calculate the remainder when ((-24 - m)*-1)/3 is divided by o.
1
Let j(o) = -424*o**2 + 2184*o - 6. What is the remainder when j(5) is divided by 32?
26
Suppose 41*w - 193 = 135. Suppose d - w = -2*n + 21, 5*n - 3*d = 78. Calculate the remainder when 36 is divided by n.
6
Let m = 7981 + -7955. Calculate the remainder when 7201 is divided by m.
25
Suppose -609*n = -2*f - 610*n + 589, f + 2*n - 290 = 0. Calculate the remainder when f is divided by 6.
2
Suppose 0 = 5*p + 4*f - 47, f = 2*p + 6*f - 29. Suppose -6*l - 1 = -p*l. Calculate the remainder when (2/4)/(163/162 - l) is divided by 42.
39
Let r = 486 + -315. Suppose -r = -3*i - 3*g, -2*g = i - 7*g - 51. Calculate the remainder when i is divided by 21.
14
Let x(b) = -b + 148. Calculate the remainder when 297 is divided by x(5).
11
Let m = 15 - -148. Let n = 167 - m. What is the remainder when 13 is divided by n?
1
Let n(w) = w**3 + 87*w**2 + 173*w + 311. What is the remainder when 171 is divided by n(-85)?
3
Let p(c) = -2*c**2 - 245*c + 1821. Calculate the remainder when 1179 is divided by p(7).
3
Suppose -118*y + 121*y = 5*h + 85, -y = -3*h - 35. What is the remainder when 2099 is divided by y?
19
Let h = 305 + -214. Let j = 184 - h. What is the remainder when j is divided by 25?
18
Let f(a) = -14*a**2 - 110*a + 162. Calculate the remainder when 26 is divided by f(-9).
8
Let t(q) = 2*q**3 - 58*q**2 + 47*q + 310. Calculate the remainder when t(28) is divided by 15.
13
Let j = -832 - -535. Let d = j - -332. Calculate the remainder when 129 is divided by d.
24
Let b = -1115 + 1159. Let z(p) = p**3 - 42*p**2 - 85*p - 103. Suppose u - 17 = 4*d, -3*d + d = -3*u + 21. What is the remainder when z(b) is divided by u?
4
Let h(b) = 28*b - 81. Let p(j) = 28*j - 81. Let w(m) = 3*h(m) - 2*p(m). Calculate the remainder when w(8) is divided by 44.
11
Suppose 4139 = 425*o - 13711. What is the remainder when 3311 is divided by o?
35
Let n = -119 - -124. Let t = 10 - 4. Let o = t - -1. What is the remainder when o is divided by n?
2
Suppose 4*z = -3*s + 93, -4*s + 143 - 68 = 3*z. What is the remainder when z is divided by (-8)/3*27/(-4)?
3
Let w = -54 + 154. Let n = 4049 - 4109. Let k = w + n. Calculate the remainder when k is divided by 15.
10
Let q(a) = -7*a - 112. Let u be q(-16). Suppose 4*r - 2*d = 2408, 8 = -2*d - u. Calculate the remainder when r is divided by 14.
12
Suppose 3982*x - 3866*x - 4988 = 0. What is the remainder when 576 is divided by x?
17
Let q(i) = -245*i - 264. What is the remainder when q(-2) is divided by 72?
10
Let m(v) be the third derivative of -37*v**6/40 + v**5/60 - v**3/6 + 2*v**2. Let l(u) = -71*u - 398. What is the remainder when m(-1) is divided by l(-6)?
27
Let x(l) = -5*l + 44. Let w be x(6). Let n = 20 - w. What is the remainder when 11 is divided by n?
5
Let b(t) = 10*t**2 - 28*t - 5. Let a(z) = 18*z**2 - 57*z - 11. Let j(s) = 6*a(s) - 11*b(s). What is the remainder when j(-15) is divided by 20?
9
Let p(d) = -2*d + 22. Let h be p(10). Calculate the remainder when ((-1564)/(-51))/(1/(h + 1)) is divided by 25.
17
Suppose -85*k = -93*k - 200. Calculate the remainder when k/5*1812/(-60) is divided by 40.
31
Let q(d) = -33*d - 190. Calculate the remainder when 188 is divided by q(-7).
24
Let a(r) = 81*r + 173. Suppose 2*w + 1 = 5. Suppose 4*d - 2*x = 220, 0 = 3*d + 3*x + w*x - 139. Calculate the remainder when d is divided by a(-2).
9
Suppose 23 = 5*j - 262. Let o = -21 + 27. Suppose 5*g + 3 = -p, -p - 3*g + o = -g. Calculate the remainder when j is divided by p.
9
Let t be ((-1)/(-3))/(2/6*-1). Let j be (-2 + 1)*t/(3/(-21)). Let m = j + 11. Calculate the remainder when 17 is divided by m.
1
Suppose 9*c - 50 = 76. Let p = 17 - c. Suppose p*n = -6, -3*n = 4*a - n - 256. What is the remainder when a is divided by 17?
14
Let i(m) = 22*m + 151. Let s(x) = -x - 5. Let v be s(0). Calculate the remainder when 49 is divided by i(v).
8
Suppose 18*m - 295 = -7*m + 230. Suppose 5*y - y = 0. Suppose y = 4*l - 77 - 171. What is the remainder when l is divided by m?
20
Let k(r) = r - 6. Let x be k(8). Suppose -f - x*f + 21 = 0. Calculate the remainder when 33/22*(19 - 1) is divided by f.
6
Suppose 245 = 71*z - 252. Suppose z*q = 6*q - m + 38, 4*m + 136 = 4*q. Calculate the remainder when 138 is divided by q.
30
Let f be 5 + 167 - (0 - 2). Suppose -30 = 6*b - f. Suppose -2*l - b = -8*l. What is the remainder when l is divided by 1?
0
Suppose -1498 = j - 5*j + 3*c, j - 3*c = 379. Calculate the remainder when j is divided by 91.
9
Let r = -121 - -121. Suppose m + 3 - 2 = r, -13 = -a - m. Suppose -a + 134 = 12*k. What is the remainder when 18 is divided by k?
8
Let k be ((-1)/3)/(4/(-24)). Suppose 38 + 170 = 4*t + x, k*x + 260 = 5*t. Let j = 446 - 189. What is the remainder when j is divided by t?
49
Let i = 15 - 14. Suppose -2*o + 2*f = -52, -f - 2 = -i. What is the remainder when 71 is divided by o?
21
Suppose -10*w = -231 - 59. Let i(x) = -11*x**3 - x**2 + x. Let h be i(-4). Suppose -h = -o - 3*o. What is the remainder when o is divided by w?
26
What is the remainder when 574 is divided by -6 + -3*1 + 12 + -10 + 13?
4
Let k(t) = -8*t**3 + 218*t**2 - 28*t + 101. Calculate the remainder when k(27) is divided by 5.
3
Let o be 62/22 + 20*(-6)/(-660). Suppose 1 = l - 2. Suppose 2*g = l*g + 2*f - 105, 2*f = o*g - 331. What is the remainder when g is divided by 28?
25
Let h = -65 + 62. Let t be 520/(-12) + 2/h. Let k = 106 + t. What is the remainder when k is divided by 16?
14
Let y = 3129 + -3063. Calculate the remainder when 2633 is divided by y.
59
Let x = -10 + -477. Let v = -463 - x. Calculate the remainder when 359 is divided by v.
23
Suppose -1 = -0*a + a, o - 5*a = 7. Suppose -o*w + 5 - 11 = 0, -2*s + 3*w = -23. Suppose 6 = 5*z - 4. What is the remainder when s is divided by z?
1
Suppose -5*w + 4*a + 21168 = 0, -3*w - 2*a - 693 + 13385 = 0. What is the remainder when w is divided by 51?
50
Suppose -44*i + 14400 = i. Let a = 349 - i. What is the remainder when 34 is divided by a?
5
Calculate the remainder when (72/8)/((-1)/(-59)) + 1 is divided by 99.
37
Suppose -l + 126 = 17*l. What is the remainder when 89 is divided by 163/l + (-6)/21?
20
Let c be ((-13)/(-13))/(1/((-16)/(-2))). Let i(a) = -3 - 10 - 14*a - c - 6. What is the remainder when i(-10) is divided by 38?
37
Suppose w + 53 = 4*r - 55, 4*w = 3*r - 68. Calculate the remainder when 5708 is divided by r.
24
Let a be 24/2 + -8 + (2 - -1). What is the remainder when 75 is divided by (a + (-117)/36)/(3/32)?
35
Suppose -3*t - 10*d - 185 = -5*d, -5*d + 205 = -3*t. What is the remainder when (6 + -22)*t - -2 is divided by 87?
85
Suppose 215 = 2*r + 55. Suppose -12 = -4*x + r. Calculate the remainder when 51 is divided by x.
5
Suppose 7*h - 125 - 120 = 0. Let m = -81 + 90. Suppose -6672 = -m*u - 7*u. What is the remainder when u is divided by h?
32
Suppose -l = 4*l - 230. Suppose 3*g = y + y + 66, -2*g - l = 2*y. Let p = y + 43. Calculate the remainder when 63 is divided by p.
15
Calculate the remainder when 2985 is divided by (-10)/5 + 12 + (72 - -1).
80
Let x be (-4)/22 - (126/33 - 4). Suppose -12*w + 7*w = x. Suppose -2*l + 406 = -w*l - 2*m, -4*l + 3*m + 816 = 0. What is the remainder when l is divided by 42?
39
Let n(k) = -12*k + 65. Let g be n(-33). Let z = g + -425. Calculate the remainder when z is divided by 14.
8
Let v = 19529 - 19214. Calculate the remainder when 987 is divided by v.
42
Let b(u) = 5*u**2 + 2. Let y(x) = 5*x**2 + 3. Let l(o) = -2*b(o) + 3*y(o). Let p be ((-12)/(-